?
False
Is 1469509 a prime number?
True
Is 145447 prime?
False
Is 30198781 a prime number?
True
Is 224787139 a prime number?
False
Is 14368933 composite?
False
Is 331633 prime?
False
Is 1151561 a prime number?
False
Is 101045319 a prime number?
False
Is 6271787 a prime number?
True
Is 4937113 a composite number?
False
Is 22898399 composite?
False
Is 1075895 a composite number?
True
Is 110173643 composite?
True
Is 23930069 a composite number?
False
Is 5123843 a prime number?
False
Is 4683911 prime?
False
Is 6434647 prime?
True
Is 521981 composite?
False
Is 11264705 prime?
False
Is 6013297 a prime number?
False
Is 93009131 a prime number?
True
Is 8465213 a prime number?
False
Is 43913539 composite?
False
Is 659245 a prime number?
False
Is 842701 prime?
True
Is 38540477 a composite number?
True
Is 1088519 a composite number?
False
Is 6540857 prime?
True
Is 1023879 a prime number?
False
Is 76984217 prime?
True
Is 328350797 a composite number?
False
Is 42839893 composite?
False
Is 86459983 composite?
True
Is 564442 prime?
False
Is 4735063 a composite number?
False
Is 5358947 composite?
True
Is 104844289 prime?
False
Is 370008277 composite?
True
Is 3559033 a prime number?
False
Is 941041 a composite number?
False
Is 80083 a composite number?
True
Is 2662754 a composite number?
True
Is 49615457 a prime number?
True
Is 15289041 a prime number?
False
Is 4543061 composite?
True
Is 293527477 a prime number?
False
Is 73103309 composite?
False
Is 49635779 composite?
True
Is 25785427 prime?
False
Is 118643773 prime?
True
Is 20665343 a prime number?
False
Is 55559289 a prime number?
False
Is 5778001 composite?
False
Is 22332109 a composite number?
False
Is 412457 a prime number?
True
Is 6750167 a composite number?
False
Is 45267637 a prime number?
False
Is 17957777 prime?
True
Is 4461081 a composite number?
True
Is 19076509 a prime number?
True
Is 2857191 composite?
True
Is 228541097 prime?
False
Is 200757 composite?
True
Is 19076161 a prime number?
False
Is 1228571 prime?
True
Is 5909273 a composite number?
False
Is 16719149 prime?
True
Is 285940183 a composite number?
False
Is 39315701 prime?
True
Is 325641419 a composite number?
False
Is 1884247 a prime number?
True
Is 29449909 composite?
True
Is 679998707 prime?
True
Is 160344043 a composite number?
True
Is 2296513 a composite number?
True
Is 1388411 a composite number?
False
Is 9197791 a composite number?
False
Is 5679811 a prime number?
False
Is 597757 prime?
True
Is 10602159 prime?
False
Is 10481453 prime?
True
Is 8016967 prime?
False
Is 32952947 composite?
True
Is 5538853 prime?
True
Is 112600679 composite?
False
Is 2521147 prime?
True
Is 76441889 a prime number?
False
Is 101775893 a composite number?
False
Is 12119983 composite?
False
Is 51344387 a prime number?
True
Is 1499909 a prime number?
False
Is 429404657 composite?
True
Is 4783637 prime?
False
Is 212730337 composite?
False
Is 35136089 composite?
True
Is 1538689 composite?
True
Is 57218221 a prime number?
False
Is 67489049 prime?
True
Is 373231021 composite?
False
Is 13838219 prime?
False
Is 27219481 a composite number?
True
Is 548668409 composite?
False
Is 55266091 composite?
False
Is 12482111 a composite number?
False
Is 391801 a composite number?
False
Is 64399381 a composite number?
False
Is 870847 a composite number?
False
Is 3285935 composite?
True
Is 13080323 composite?
False
Is 33989349 prime?
False
Is 66501053 prime?
False
Is 513862 a prime number?
False
Is 188857561 prime?
False
Is 26265989 a composite number?
False
Is 160230359 a composite number?
True
Is 6025421 prime?
True
Is 2359163 prime?
True
Is 13677011 composite?
True
Is 670849 composite?
False
Is 7490917 prime?
False
Is 13458999 a composite number?
True
Is 19391789 a prime number?
True
Is 6534881 a composite number?
True
Is 76330909 a composite number?
True
Is 6132689 prime?
False
Is 24257099 a composite number?
False
Is 1876781 prime?
True
Is 7220539 a prime number?
False
Is 46536683 prime?
False
Is 1202041 a composite number?
False
Is 25228199 prime?
True
Is 21260549 a composite number?
False
Is 2703839 a prime number?
False
Is 6419263 a composite number?
True
Is 30989941 a prime number?
False
Is 140226457 a prime number?
False
Is 3888133 composite?
True
Is 18886051 a composite number?
False
Is 176212511 prime?
True
Is 72978167 a prime number?
False
Is 16347403 prime?
True
Is 623486 a composite number?
True
Is 20494739 composite?
False
Is 1893911 composite?
False
Is 33283555 a composite number?
True
Is 198083 composite?
False
Is 10947941 a prime number?
True
Is 20728091 a prime number?
False
Is 192920359 a prime number?
True
Is 107760647 a prime number?
False
Is 50261 a composite number?
False
Is 963162889 composite?
True
Is 3702133 composite?
True
Is 970841 a prime number?
False
Is 155015207 a prime number?
True
Is 1799753 a composite number?
False
Is 225341 a prime number?
True
Is 23071955 composite?
True
Is 6142483 a prime number?
True
Is 5890447 prime?
True
Is 70639843 a prime number?
False
Is 1667797 composite?
True
Is 857663 a composite number?
False
Is 355061 a prime number?
False
Is 75408653 a composite number?
True
Is 108514667 composite?
True
Is 16592497 prime?
True
Is 64929329 a composite number?
True
Is 4592453 prime?
True
Is 62699389 a composite number?
False
Is 5092069 a composite number?
False
Is 6686419 a composite number?
False
Is 808399 a composite number?
False
Is 74821 prime?
True
Is 33760157 a prime number?
True
Is 4547 a prime number?
True
Is 7893169 composite?
False
Is 5854169 composite?
False
Is 38128855 prime?
False
Is 8465713 a composite number?
False
Is 8082017 a composite number?
False
Is 18411721 a composite number?
False
Is 20719 a composite number?
False
Is 8095105 a composite number?
True
Is 12867431 prime?
True
Is 47599831 composite?
False
Is 1520329 a prime number?
True
Is 1376191 prime?
True
Is 155708969 prime?
False
Is 339091 a prime number?
True
Is 11410213 prime?
False
Is 1233209 composite?
False
Is 128217763 composite?
False
Is 192327169 composite?
False
Is 1051247 a composite number?
False
Is 6865493 prime?
False
Is 4250149 a composite number?
False
Is 68252147 a composite number?
True
Is 12964999 prime?
False
Is 27916903 a composite number?
True
Is 1153421 prime?
True
Is 198546771 a prime number?
False
Is 5876723 composite?
True
Is 54809011 prime?
True
Is 558441203 a composite number?
False
Is 4128889 a composite number?
False
Is 19994077 a prime number?
True
Is 168378253 a composite number?
False
Is 59576173 a composite number?
True
Is 50906579 a prime number?
True
Is 26877997 prime?
True
Is 25604263 prime?
True
Is 123857659 a composite number?
True
Is 55805447 prime?
True
Is 45389885 a composite number?
True
Is 18293297 prime?
False
Is 1441337 a composite number?
True
Is 553895639 a composite number?
True
Is 4125203 prime?
False
Is 527557 composite?
False
Is 2572153 prime?
True
Is 9890547 prime?
False
Is 4066981 a prime number?
True
Is 2141443 a prime number?
False
Is 4213823 a composite number?
True
Is 4889711 a prime number?
True
Is 20579665 prime?
False
Is 230477981 a prime number?
False
Is 11434107 composite?
True
Is 43324759 composite?
True
Is 265481621 a prime number?
False
Is 4769389 prime?
False
Is 698740843 prime?
True
Is 13293877 a composite number?
False
Is 23427901 composite?
True
Is 24987073 composite?
True
Is 3200887 a composite number?
True
Is 30838537 composite?
False
Is 102223003 prime?
True
Is 24867913 prime?
False
Is 444195439 prime?
True
Is 834654953 a prime number?
False
Is 2250253 a composite number?
True
Is 84229291 a composite number?
True
Is 20406479 a prime number?
False
Is 29362337 a composite number?
False
Is 3802769 a prime number?
True
Is 151235393 prime?
True
Is 6791423 composite?
True
Is 8386703 composite?
True
Is 4229755 a composite number?
True
Is 4383929 composite?
True
Is 9618227 prime?
False
Is 2063983 a prime number?
True
Is 4233389 a composite number?
False
Is 27744451 a composite number?
True
Is 9071677 a prime number?
True
Is 411779 a prime number?
True
Is 1606081 prime?
True
Is 7463873 prime?
True
Is 408153403 prime?
False
Is 957121 prime?
False
Is 8797667 a prime number?
False
Is 13785323 composite?
False
Is 16140133 prime?
True
Is 219382441 composite?
True
Is 1128442299 composite?
